[INFO] cloning repository https://github.com/EdBuilds/holobone
[INFO] running `Command { std: "git" "-c" "credential.helper=" "-c" "credential.helper=/workspace/cargo-home/bin/git-credential-null" "clone" "--bare" "https://github.com/EdBuilds/holobone" "/workspace/cache/git-repos/https%3A%2F%2Fgithub.com%2FEdBuilds%2Fholobone", kill_on_drop: false }`
[INFO] [stderr] Cloning into bare repository '/workspace/cache/git-repos/https%3A%2F%2Fgithub.com%2FEdBuilds%2Fholobone'...
[INFO] running `Command { std: "git" "rev-parse" "HEAD", kill_on_drop: false }`
[INFO] [stdout] 7c10a0fb7ef76c968f42966d149214a05377a7f3
[INFO] checking EdBuilds/holobone against master#9610dfe5a9a731ced1ea4923ecbd0c57fe367898 for beta-170-4
[INFO] running `Command { std: "git" "clone" "/workspace/cache/git-repos/https%3A%2F%2Fgithub.com%2FEdBuilds%2Fholobone" "/workspace/builds/worker-2-tc1/source", kill_on_drop: false }`
[INFO] [stderr] Cloning into '/workspace/builds/worker-2-tc1/source'...
[INFO] [stderr] done.
[INFO] validating manifest of git repo https://github.com/EdBuilds/holobone on toolchain 9610dfe5a9a731ced1ea4923ecbd0c57fe367898
[INFO] running `Command { std: CARGO_HOME="/workspace/cargo-home" RUSTUP_HOME="/workspace/rustup-home" "/workspace/cargo-home/bin/cargo" "+9610dfe5a9a731ced1ea4923ecbd0c57fe367898" "metadata" "--manifest-path" "Cargo.toml" "--no-deps", kill_on_drop: false }`
[INFO] removed /workspace/builds/worker-2-tc1/source/.cargo/config
[INFO] removed /workspace/builds/worker-2-tc1/source/rust-toolchain
[INFO] started tweaking git repo https://github.com/EdBuilds/holobone
[INFO] finished tweaking git repo https://github.com/EdBuilds/holobone
[INFO] tweaked toml for git repo https://github.com/EdBuilds/holobone written to /workspace/builds/worker-2-tc1/source/Cargo.toml
[INFO] crate git repo https://github.com/EdBuilds/holobone already has a lockfile, it will not be regenerated
[INFO] running `Command { std: CARGO_HOME="/workspace/cargo-home" RUSTUP_HOME="/workspace/rustup-home" "/workspace/cargo-home/bin/cargo" "+9610dfe5a9a731ced1ea4923ecbd0c57fe367898" "fetch" "--manifest-path" "Cargo.toml", kill_on_drop: false }`
[INFO] [stderr] warning: profiles for the non root package will be ignored, specify profiles at the workspace root:
[INFO] [stderr] package:   /workspace/builds/worker-2-tc1/source/web_server/Cargo.toml
[INFO] [stderr] workspace: /workspace/builds/worker-2-tc1/source/Cargo.toml
[INFO] [stderr]     Updating crates.io index
[INFO] [stderr]  Downloading crates ...
[INFO] [stderr]   Downloaded inotify-sys v0.1.4
[INFO] [stderr]   Downloaded tuple_utils v0.3.0
[INFO] [stderr]   Downloaded pear_codegen v0.1.4
[INFO] [stderr]   Downloaded net2 v0.2.36
[INFO] [stderr]   Downloaded tynm v0.1.6
[INFO] [stderr]   Downloaded lyon v0.16.0
[INFO] [stderr]   Downloaded hkdf v0.8.0
[INFO] [stderr]   Downloaded wasm-timer v0.1.3
[INFO] [stderr]   Downloaded sdl2 v0.33.0
[INFO] [stderr]   Downloaded bracket-algorithm-traits v0.8.1
[INFO] [stderr]   Downloaded shrev v1.1.1
[INFO] [stderr]   Downloaded filetime v0.2.13
[INFO] [stderr]   Downloaded bracket-geometry v0.8.1
[INFO] [stderr]   Downloaded ctrlc v3.1.5
[INFO] [stderr]   Downloaded bracket-noise v0.8.1
[INFO] [stderr]   Downloaded bracket-pathfinding v0.8.1
[INFO] [stderr]   Downloaded xmlparser v0.13.2
[INFO] [stderr]   Downloaded bracket-lib v0.8.1
[INFO] [stderr]   Downloaded glow v0.4.0
[INFO] [stderr]   Downloaded glutin v0.24.1
[INFO] [stderr]   Downloaded hashbrown v0.7.2
[INFO] [stderr]   Downloaded euclid v0.22.1
[INFO] [stderr]   Downloaded handlebars v1.1.0
[INFO] [stderr]   Downloaded specs v0.16.1
[INFO] [stderr]   Downloaded aes-gcm v0.5.0
[INFO] [stderr]   Downloaded lyon_tessellation v0.16.0
[INFO] [stderr]   Downloaded rocket v0.4.6
[INFO] [stderr]   Downloaded shred v0.10.2
[INFO] [stderr]   Downloaded lyon_geom v0.16.0
[INFO] [stderr]   Downloaded rocket_codegen v0.4.6
[INFO] [stderr]   Downloaded polyval v0.3.3
[INFO] [stderr]   Downloaded rocket_http v0.4.6
[INFO] [stderr]   Downloaded sdl2-sys v0.33.0
[INFO] [stderr]   Downloaded rltk v0.8.1
[INFO] [stderr]   Downloaded serde-xml-rs v0.4.0
[INFO] [stderr]   Downloaded lyon_algorithms v0.16.0
[INFO] [stderr]   Downloaded prusst v1.0.0
[INFO] [stderr]   Downloaded smallvec v1.5.0
[INFO] [stderr]   Downloaded state v0.4.2
[INFO] [stderr]   Downloaded bracket-random v0.8.0
[INFO] [stderr]   Downloaded bracket-color v0.8.1
[INFO] [stderr]   Downloaded lyon_path v0.16.0
[INFO] [stderr]   Downloaded aead v0.2.0
[INFO] [stderr]   Downloaded anyhow v1.0.36
[INFO] [stderr]   Downloaded cookie v0.11.3
[INFO] [stderr]   Downloaded pear v0.1.4
[INFO] [stderr]   Downloaded specs-derive v0.4.1
[INFO] [stderr]   Downloaded lyon_svg v0.16.0
[INFO] [stderr]   Downloaded universal-hash v0.3.0
[INFO] [stderr]   Downloaded rocket_contrib v0.4.6
[INFO] [stderr]   Downloaded svg v0.8.0
[INFO] [stderr]   Downloaded ghash v0.2.3
[INFO] [stderr]   Downloaded object-pool v0.4.4
[INFO] [stderr]   Downloaded bracket-terminal v0.8.1
[INFO] running `Command { std: "docker" "create" "-v" "/var/lib/crater-agent-workspace/builds/worker-2-tc1/target:/opt/rustwide/target:rw,Z" "-v" "/var/lib/crater-agent-workspace/builds/worker-2-tc1/source:/opt/rustwide/workdir:ro,Z" "-v" "/var/lib/crater-agent-workspace/cargo-home:/opt/rustwide/cargo-home:ro,Z" "-v" "/var/lib/crater-agent-workspace/rustup-home:/opt/rustwide/rustup-home:ro,Z" "-e" "SOURCE_DIR=/opt/rustwide/workdir" "-e" "CARGO_TARGET_DIR=/opt/rustwide/target" "-e" "CARGO_HOME=/opt/rustwide/cargo-home" "-e" "RUSTUP_HOME=/opt/rustwide/rustup-home" "-w" "/opt/rustwide/workdir" "-m" "1610612736" "--user" "0:0" "--network" "none" "ghcr.io/rust-lang/crates-build-env/linux@sha256:19e73879b68f455e41552ea35293514db52ea292d993f571636dbffedb77a1ee" "/opt/rustwide/cargo-home/bin/cargo" "+9610dfe5a9a731ced1ea4923ecbd0c57fe367898" "metadata" "--no-deps" "--format-version=1", kill_on_drop: false }`
[INFO] [stdout] 958c4cbe962bd9f8c2a75863dbfaa1526bdcd89436c57b38d366fedc1b4fd938
[INFO] running `Command { std: "docker" "start" "-a" "958c4cbe962bd9f8c2a75863dbfaa1526bdcd89436c57b38d366fedc1b4fd938", kill_on_drop: false }`
[INFO] running `Command { std: "docker" "inspect" "958c4cbe962bd9f8c2a75863dbfaa1526bdcd89436c57b38d366fedc1b4fd938", kill_on_drop: false }`
[INFO] running `Command { std: "docker" "rm" "-f" "958c4cbe962bd9f8c2a75863dbfaa1526bdcd89436c57b38d366fedc1b4fd938", kill_on_drop: false }`
[INFO] [stdout] 958c4cbe962bd9f8c2a75863dbfaa1526bdcd89436c57b38d366fedc1b4fd938
[INFO] running `Command { std: "docker" "create" "-v" "/var/lib/crater-agent-workspace/builds/worker-2-tc1/target:/opt/rustwide/target:rw,Z" "-v" "/var/lib/crater-agent-workspace/builds/worker-2-tc1/source:/opt/rustwide/workdir:ro,Z" "-v" "/var/lib/crater-agent-workspace/cargo-home:/opt/rustwide/cargo-home:ro,Z" "-v" "/var/lib/crater-agent-workspace/rustup-home:/opt/rustwide/rustup-home:ro,Z" "-e" "SOURCE_DIR=/opt/rustwide/workdir" "-e" "CARGO_TARGET_DIR=/opt/rustwide/target" "-e" "CARGO_INCREMENTAL=0" "-e" "RUST_BACKTRACE=full" "-e" "RUSTFLAGS=--cap-lints=forbid" "-e" "RUSTDOCFLAGS=--cap-lints=forbid" "-e" "CARGO_HOME=/opt/rustwide/cargo-home" "-e" "RUSTUP_HOME=/opt/rustwide/rustup-home" "-w" "/opt/rustwide/workdir" "-m" "1610612736" "--user" "0:0" "--network" "none" "ghcr.io/rust-lang/crates-build-env/linux@sha256:19e73879b68f455e41552ea35293514db52ea292d993f571636dbffedb77a1ee" "/opt/rustwide/cargo-home/bin/cargo" "+9610dfe5a9a731ced1ea4923ecbd0c57fe367898" "check" "--frozen" "--all" "--all-targets" "--message-format=json", kill_on_drop: false }`
[INFO] [stdout] b9d227dbf7e3d632409aea0fce63531abd67b7c02a7781934ac167dae11840a6
[INFO] running `Command { std: "docker" "start" "-a" "b9d227dbf7e3d632409aea0fce63531abd67b7c02a7781934ac167dae11840a6", kill_on_drop: false }`
[INFO] [stderr] warning: profiles for the non root package will be ignored, specify profiles at the workspace root:
[INFO] [stderr] package:   /opt/rustwide/workdir/web_server/Cargo.toml
[INFO] [stderr] workspace: /opt/rustwide/workdir/Cargo.toml
[INFO] [stderr]    Compiling libc v0.2.80
[INFO] [stderr]    Compiling log v0.4.11
[INFO] [stderr]    Compiling typenum v1.12.0
[INFO] [stderr]    Compiling num-traits v0.2.12
[INFO] [stderr]    Compiling proc-macro2 v0.4.30
[INFO] [stderr]    Compiling xml-rs v0.8.3
[INFO] [stderr]    Compiling getrandom v0.1.15
[INFO] [stderr]    Compiling serde_derive v1.0.118
[INFO] [stderr]    Compiling maybe-uninit v2.0.0
[INFO] [stderr]     Checking adler v0.2.3
[INFO] [stderr]     Checking miniz_oxide v0.4.1
[INFO] [stderr]    Compiling quote v0.6.13
[INFO] [stderr]    Compiling khronos_api v3.1.0
[INFO] [stderr]     Checking smallvec v1.5.0
[INFO] [stderr]    Compiling wasm-bindgen-shared v0.2.69
[INFO] [stderr]    Compiling lazy_static v1.4.0
[INFO] [stderr]     Checking gimli v0.22.0
[INFO] [stderr]     Checking lazycell v1.3.0
[INFO] [stderr]    Compiling yansi v0.5.0
[INFO] [stderr]     Checking generic-array v0.12.3
[INFO] [stderr]     Checking iovec v0.1.4
[INFO] [stderr]     Checking atty v0.2.14
[INFO] [stderr]     Checking net2 v0.2.36
[INFO] [stderr]    Compiling bumpalo v3.4.0
[INFO] [stderr]    Compiling num-integer v0.1.44
[INFO] [stderr]    Compiling syn v0.15.44
[INFO] [stderr]     Checking rand_core v0.5.1
[INFO] [stderr]     Checking object v0.20.0
[INFO] [stderr]     Checking mio v0.6.23
[INFO] [stderr]    Compiling wasm-bindgen-backend v0.2.69
[INFO] [stderr]     Checking rustc-demangle v0.1.16
[INFO] [stderr]     Checking void v1.0.2
[INFO] [stderr]     Checking walkdir v2.3.1
[INFO] [stderr]    Compiling wayland-scanner v0.23.6
[INFO] [stderr]    Compiling byteorder v1.3.4
[INFO] [stderr]    Compiling sdl2-sys v0.33.0
[INFO] [stderr]     Checking mio-extras v2.0.6
[INFO] [stderr]    Compiling crossbeam-utils v0.7.2
[INFO] [stderr]     Checking ppv-lite86 v0.2.10
[INFO] [stderr]    Compiling nix v0.14.1
[INFO] [stderr]    Compiling wasm-bindgen v0.2.69
[INFO] [stderr]    Compiling wasm-bindgen-macro-support v0.2.69
[INFO] [stderr]     Checking rand_chacha v0.2.2
[INFO] [stderr]     Checking addr2line v0.13.0
[INFO] [stderr]     Checking backtrace v0.3.50
[INFO] [stderr]     Checking num_cpus v1.13.0
[INFO] [stderr]     Checking libloading v0.6.5
[INFO] [stderr]    Compiling indexmap v1.6.1
[INFO] [stderr]    Compiling version_check v0.1.5
[INFO] [stderr]     Checking arrayvec v0.5.1
[INFO] [stderr]     Checking clap v2.33.1
[INFO] [stderr]     Checking dlib v0.4.2
[INFO] [stderr]    Compiling unicase v1.4.2
[INFO] [stderr]     Checking rand v0.7.3
[INFO] [stderr]    Compiling gl_generator v0.14.0
[INFO] [stderr]    Compiling wasm-bindgen-macro v0.2.69
[INFO] [stderr]     Checking aho-corasick v0.7.15
[INFO] [stderr]     Checking thread_local v1.0.1
[INFO] [stderr]    Compiling crossbeam-utils v0.8.1
[INFO] [stderr]    Compiling httparse v1.3.4
[INFO] [stderr]     Checking bitfield v0.13.2
[INFO] [stderr]     Checking regex-syntax v0.6.21
[INFO] [stderr]     Checking serde v1.0.118
[INFO] [stderr]    Compiling sdl2 v0.33.0
[INFO] [stderr]    Compiling wayland-client v0.23.6
[INFO] [stderr]     Checking wayland-sys v0.23.6
[INFO] [stderr]    Compiling pear_codegen v0.1.4
[INFO] [stderr]     Checking ordered-float v1.1.0
[INFO] [stderr]     Checking approx v0.3.2
[INFO] [stderr]     Checking lock_api v0.3.4
[INFO] [stderr]     Checking stb_truetype v0.3.1
[INFO] [stderr]    Compiling memoffset v0.6.1
[INFO] [stderr]    Compiling memoffset v0.5.6
[INFO] [stderr]    Compiling tinyvec_macros v0.1.0
[INFO] [stderr]    Compiling opaque-debug v0.2.3
[INFO] [stderr]    Compiling subtle v2.4.0
[INFO] [stderr]    Compiling const_fn v0.4.3
[INFO] [stderr]    Compiling failure_derive v0.1.8
[INFO] [stderr]     Checking bytemuck v1.4.1
[INFO] [stderr]    Compiling wide v0.4.6
[INFO] [stderr]    Compiling x11-dl v2.18.5
[INFO] [stderr]     Checking calloop v0.4.4
[INFO] [stderr]     Checking wayland-commons v0.23.6
[INFO] [stderr]    Compiling universal-hash v0.3.0
[INFO] [stderr]    Compiling tinyvec v1.1.0
[INFO] [stderr]     Checking rusttype v0.8.3
[INFO] [stderr]     Checking regex v1.4.2
[INFO] [stderr]     Checking pru_control v0.1.0 (/opt/rustwide/workdir/pru_control)
[INFO] [stdout] warning: unused `#[macro_use]` import
[INFO] [stdout]  --> pru_control/src/lib.rs:3:1
[INFO] [stdout]   |
[INFO] [stdout] 3 | #[macro_use]
[INFO] [stdout]   | ^^^^^^^^^^^^
[INFO] [stdout]   |
[INFO] [stdout]   = note: `#[warn(unused_imports)]` on by default
[INFO] [stdout] 
[INFO] [stdout] 
[INFO] [stdout] warning: type `PWMControlReg_t` should have an upper camel case name
[INFO] [stdout]   --> pru_control/src/lib.rs:35:14
[INFO] [stdout]    |
[INFO] [stdout] 35 |   pub struct PWMControlReg_t: u32{
[INFO] [stdout]    |              ^^^^^^^^^^^^^^^ help: convert the identifier to upper camel case: `PwmcontrolRegT`
[INFO] [stdout]    |
[INFO] [stdout]    = note: `#[warn(non_camel_case_types)]` on by default
[INFO] [stdout] 
[INFO] [stdout] 
[INFO] [stdout] warning: structure field `channelB` should have a snake case name
[INFO] [stdout]   --> pru_control/src/lib.rs:71:9
[INFO] [stdout]    |
[INFO] [stdout] 71 |     pub channelB: CommandReg,
[INFO] [stdout]    |         ^^^^^^^^ help: convert the identifier to snake case: `channel_b`
[INFO] [stdout]    |
[INFO] [stdout]    = note: `#[warn(non_snake_case)]` on by default
[INFO] [stdout] 
[INFO] [stdout] 
[INFO] [stdout] warning: structure field `channelA` should have a snake case name
[INFO] [stdout]   --> pru_control/src/lib.rs:72:9
[INFO] [stdout]    |
[INFO] [stdout] 72 |     pub channelA: CommandReg,
[INFO] [stdout]    |         ^^^^^^^^ help: convert the identifier to snake case: `channel_a`
[INFO] [stdout] 
[INFO] [stdout] 
[INFO] [stdout] warning: variable `channelA` should have a snake case name
[INFO] [stdout]   --> pru_control/src/lib.rs:78:17
[INFO] [stdout]    |
[INFO] [stdout] 78 |         let mut channelA = CommandReg {
[INFO] [stdout]    |                 ^^^^^^^^ help: convert the identifier to snake case: `channel_a`
[INFO] [stdout] 
[INFO] [stdout] 
[INFO] [stdout] warning: variable `channelB` should have a snake case name
[INFO] [stdout]   --> pru_control/src/lib.rs:82:17
[INFO] [stdout]    |
[INFO] [stdout] 82 |         let mut channelB = CommandReg {
[INFO] [stdout]    |                 ^^^^^^^^ help: convert the identifier to snake case: `channel_b`
[INFO] [stdout] 
[INFO] [stdout] 
[INFO] [stdout] warning: 6 warnings emitted
[INFO] [stdout] 
[INFO] [stdout] 
[INFO] [stderr]     Checking js-sys v0.3.46
[INFO] [stderr]    Compiling wayland-protocols v0.23.6
[INFO] [stderr]    Compiling block-cipher-trait v0.6.2
[INFO] [stderr]    Compiling digest v0.8.1
[INFO] [stderr]     Checking euclid v0.22.1
[INFO] [stderr]    Compiling synstructure v0.12.4
[INFO] [stderr]    Compiling crossbeam-epoch v0.8.2
[INFO] [stderr]     Checking siphasher v0.2.3
[INFO] [stderr]    Compiling matches v0.1.8
[INFO] [stderr]    Compiling serde_json v1.0.60
[INFO] [stderr]    Compiling crc32fast v1.2.1
[INFO] [stderr]     Checking downcast-rs v1.2.0
[INFO] [stderr]    Compiling subtle v1.0.0
[INFO] [stderr]    Compiling byte-tools v0.3.1
[INFO] [stderr]    Compiling block-padding v0.1.5
[INFO] [stderr]    Compiling crypto-mac v0.7.0
[INFO] [stderr]     Checking unicode-bidi v0.3.4
[INFO] [stderr]     Checking lyon_geom v0.16.0
[INFO] [stderr]    Compiling aes-soft v0.3.3
[INFO] [stderr]    Compiling unicode-normalization v0.1.16
[INFO] [stderr]     Checking rusttype v0.7.9
[INFO] [stderr]    Compiling polyval v0.3.3
[INFO] [stderr]     Checking ryu v1.0.5
[INFO] [stderr]    Compiling parking_lot_core v0.6.2
[INFO] [stderr]     Checking parking_lot_core v0.7.2
[INFO] [stderr]     Checking time v0.1.44
[INFO] [stderr]     Checking line_drawing v0.7.0
[INFO] [stderr]    Compiling cc v1.0.58
[INFO] [stderr]    Compiling ucd-trie v0.1.3
[INFO] [stderr]     Checking adler32 v1.2.0
[INFO] [stderr]    Compiling rayon-core v1.9.0
[INFO] [stderr]     Checking xdg v2.2.0
[INFO] [stderr]     Checking crossbeam-epoch v0.9.1
[INFO] [stdout] error[E0557]: feature has been removed
[INFO] [stdout]  --> /opt/rustwide/cargo-home/registry/src/index.crates.io-6f17d22bba15001f/pear_codegen-0.1.4/src/lib.rs:1:12
[INFO] [stdout]   |
[INFO] [stdout] 1 | #![feature(crate_visibility_modifier)]
[INFO] [stdout]   |            ^^^^^^^^^^^^^^^^^^^^^^^^^ feature has been removed
[INFO] [stdout]   |
[INFO] [stdout]   = note: removed in favor of `pub(crate)`
[INFO] [stdout] 
[INFO] [stdout] 
[INFO] [stdout] error: expected one of `!` or `::`, found keyword `struct`
[INFO] [stdout]   --> /opt/rustwide/cargo-home/registry/src/index.crates.io-6f17d22bba15001f/pear_codegen-0.1.4/src/parser.rs:10:7
[INFO] [stdout]    |
[INFO] [stdout] 10 | crate struct Diagnostic(crate ::proc_macro::Diagnostic);
[INFO] [stdout]    |       ^^^^^^ expected one of `!` or `::`
[INFO] [stdout] 
[INFO] [stdout] 
[INFO] [stderr]     Checking andrew v0.2.1
[INFO] [stdout] error[E0412]: cannot find type `PResult` in this scope
[INFO] [stdout]   --> /opt/rustwide/cargo-home/registry/src/index.crates.io-6f17d22bba15001f/pear_codegen-0.1.4/src/lib.rs:65:39
[INFO] [stdout]    |
[INFO] [stdout] 65 | fn extract_input_ident(f: &ItemFn) -> PResult<Ident> {
[INFO] [stdout]    |                                       ^^^^^^^ help: a type alias with a similar name exists: `Result`
[INFO] [stdout]    |
[INFO] [stdout]   ::: /opt/rustwide/cargo-home/registry/src/index.crates.io-6f17d22bba15001f/syn-0.15.44/src/error.rs:18:1
[INFO] [stdout]    |
[INFO] [stdout] 18 | pub type Result<T> = std::result::Result<T, Error>;
[INFO] [stdout]    | ------------------ similarly named type alias `Result` defined here
[INFO] [stdout] 
[INFO] [stdout] 
[INFO] [stdout] error[E0412]: cannot find type `PResult` in this scope
[INFO] [stdout]   --> /opt/rustwide/cargo-home/registry/src/index.crates.io-6f17d22bba15001f/pear_codegen-0.1.4/src/lib.rs:78:44
[INFO] [stdout]    |
[INFO] [stdout] 78 | fn parser_attribute(input: TokenStream) -> PResult<TokenStream2> {
[INFO] [stdout]    |                                            ^^^^^^^ help: a type alias with a similar name exists: `Result`
[INFO] [stdout]    |
[INFO] [stdout]   ::: /opt/rustwide/cargo-home/registry/src/index.crates.io-6f17d22bba15001f/syn-0.15.44/src/error.rs:18:1
[INFO] [stdout]    |
[INFO] [stdout] 18 | pub type Result<T> = std::result::Result<T, Error>;
[INFO] [stdout]    | ------------------ similarly named type alias `Result` defined here
[INFO] [stdout] 
[INFO] [stdout] 
[INFO] [stdout] error[E0412]: cannot find type `Case` in this scope
[INFO] [stdout]    --> /opt/rustwide/cargo-home/registry/src/index.crates.io-6f17d22bba15001f/pear_codegen-0.1.4/src/lib.rs:142:6
[INFO] [stdout]     |
[INFO] [stdout] 142 | impl Case {
[INFO] [stdout]     |      ^^^^ not found in this scope
[INFO] [stdout] 
[INFO] [stdout] 
[INFO] [stdout] error[E0412]: cannot find type `Case` in this scope
[INFO] [stdout]    --> /opt/rustwide/cargo-home/registry/src/index.crates.io-6f17d22bba15001f/pear_codegen-0.1.4/src/lib.rs:144:38
[INFO] [stdout]     |
[INFO] [stdout] 144 |         where I: Iterator<Item = &'a Case>
[INFO] [stdout]     |                                      ^^^^ not found in this scope
[INFO] [stdout] 
[INFO] [stdout] 
[INFO] [stdout] error[E0433]: failed to resolve: use of undeclared type `Pattern`
[INFO] [stdout]    --> /opt/rustwide/cargo-home/registry/src/index.crates.io-6f17d22bba15001f/pear_codegen-0.1.4/src/lib.rs:161:13
[INFO] [stdout]     |
[INFO] [stdout] 161 |             Pattern::Wild(..) => quote!(#case_expr),
[INFO] [stdout]     |             ^^^^^^^ use of undeclared type `Pattern`
[INFO] [stdout]     |
[INFO] [stdout] help: consider importing this trait
[INFO] [stdout]     |
[INFO] [stdout] 13  + use std::str::pattern::Pattern;
[INFO] [stdout]     |
[INFO] [stdout] 
[INFO] [stdout] 
[INFO] [stdout] error[E0433]: failed to resolve: use of undeclared type `Pattern`
[INFO] [stdout]    --> /opt/rustwide/cargo-home/registry/src/index.crates.io-6f17d22bba15001f/pear_codegen-0.1.4/src/lib.rs:162:13
[INFO] [stdout]     |
[INFO] [stdout] 162 |             Pattern::Calls(ref calls) => {
[INFO] [stdout]     |             ^^^^^^^ use of undeclared type `Pattern`
[INFO] [stdout]     |
[INFO] [stdout] help: consider importing this trait
[INFO] [stdout]     |
[INFO] [stdout] 13  + use std::str::pattern::Pattern;
[INFO] [stdout]     |
[INFO] [stdout] 
[INFO] [stdout] 
[INFO] [stdout] error[E0412]: cannot find type `Switch` in this scope
[INFO] [stdout]    --> /opt/rustwide/cargo-home/registry/src/index.crates.io-6f17d22bba15001f/pear_codegen-0.1.4/src/lib.rs:201:6
[INFO] [stdout]     |
[INFO] [stdout] 201 | impl Switch {
[INFO] [stdout]     |      ^^^^^^ not found in this scope
[INFO] [stdout] 
[INFO] [stdout] 
[INFO] [stdout] error[E0433]: failed to resolve: use of undeclared type `Diagnostic`
[INFO] [stdout]    --> /opt/rustwide/cargo-home/registry/src/index.crates.io-6f17d22bba15001f/pear_codegen-0.1.4/src/lib.rs:215:13
[INFO] [stdout]     |
[INFO] [stdout] 215 |             Diagnostic::emit(e.into());
[INFO] [stdout]     |             ^^^^^^^^^^ use of undeclared type `Diagnostic`
[INFO] [stdout]     |
[INFO] [stdout] help: consider importing one of these items
[INFO] [stdout]     |
[INFO] [stdout] 13  + use proc_macro::Diagnostic;
[INFO] [stdout]     |
[INFO] [stdout] 13  + use proc_macro::bridge::Diagnostic;
[INFO] [stdout]     |
[INFO] [stdout] 
[INFO] [stdout] 
[INFO] [stderr]    Compiling pest v2.1.3
[INFO] [stdout] error[E0433]: failed to resolve: use of undeclared type `Case`
[INFO] [stdout]    --> /opt/rustwide/cargo-home/registry/src/index.crates.io-6f17d22bba15001f/pear_codegen-0.1.4/src/lib.rs:185:35
[INFO] [stdout]     |
[INFO] [stdout] 185 |                 let rest_tokens = Case::to_tokens(&input, parser_name, cases);
[INFO] [stdout]     |                                   ^^^^ use of undeclared type `Case`
[INFO] [stdout] 
[INFO] [stdout] 
[INFO] [stdout] error[E0433]: failed to resolve: use of undeclared type `Case`
[INFO] [stdout]    --> /opt/rustwide/cargo-home/registry/src/index.crates.io-6f17d22bba15001f/pear_codegen-0.1.4/src/lib.rs:203:9
[INFO] [stdout]     |
[INFO] [stdout] 203 |         Case::to_tokens(&self.input, &self.parser_name, self.cases.iter())
[INFO] [stdout]     |         ^^^^ use of undeclared type `Case`
[INFO] [stdout] 
[INFO] [stdout] 
[INFO] [stdout] error[E0433]: failed to resolve: use of undeclared type `Switch`
[INFO] [stdout]    --> /opt/rustwide/cargo-home/registry/src/index.crates.io-6f17d22bba15001f/pear_codegen-0.1.4/src/lib.rs:212:11
[INFO] [stdout]     |
[INFO] [stdout] 212 |     match Switch::syn_parse.parse(input) {
[INFO] [stdout]     |           ^^^^^^ use of undeclared type `Switch`
[INFO] [stdout] 
[INFO] [stdout] 
[INFO] [stdout] error: aborting due to 13 previous errors
[INFO] [stdout] 
[INFO] [stdout] 
[INFO] [stdout] Some errors have detailed explanations: E0412, E0433, E0557.
[INFO] [stdout] 
[INFO] [stdout] For more information about an error, try `rustc --explain E0412`.
[INFO] [stdout] 
[INFO] [stderr] error: could not compile `pear_codegen` (lib) due to 14 previous errors
[INFO] [stderr] warning: build failed, waiting for other jobs to finish...
[INFO] running `Command { std: "docker" "inspect" "b9d227dbf7e3d632409aea0fce63531abd67b7c02a7781934ac167dae11840a6", kill_on_drop: false }`
[INFO] running `Command { std: "docker" "rm" "-f" "b9d227dbf7e3d632409aea0fce63531abd67b7c02a7781934ac167dae11840a6", kill_on_drop: false }`
[INFO] [stdout] b9d227dbf7e3d632409aea0fce63531abd67b7c02a7781934ac167dae11840a6
